{"id":2505,"date":"2023-01-15T00:30:32","date_gmt":"2023-01-14T21:30:32","guid":{"rendered":"https:\/\/safeintel.hu\/?post_type=product&#038;p=2505"},"modified":"2025-04-07T13:01:13","modified_gmt":"2025-04-07T11:01:13","slug":"ajax-doorprotect","status":"publish","type":"product","link":"https:\/\/safeintel.hu\/hu\/products\/ajax-doorprotect\/","title":{"rendered":"AJAX DoorProtect"},"content":{"rendered":"<ul>\n<li>Ak\u00e1r 7 \u00e9vig \u00fczemelhet elemcsere n\u00e9lk\u00fcl<\/li>\n<li>K\u00fcls\u0151 \u00e9rintkez\u0151 \u00e1ll rendelkez\u00e9sre harmadik f\u00e9lt\u0151l sz\u00e1rmaz\u00f3 \u00e9rz\u00e9kel\u0151k csatlakoztat\u00e1s\u00e1hoz<\/li>\n<li>K\u00fcl\u00f6nb\u00f6z\u0151 m\u00e9ret\u0171 m\u00e1gneseket tartalmaz, amelyek keskeny keretekre \u00e9s ajt\u00f3keretekre szerelhet\u0151k.<\/li>\n<\/ul>\n<h2>M\u0171k\u00f6d\u00e9s elve<\/h2>\n<p>Az eszk\u00f6z az ajt\u00f3k vagy ablakok kinyit\u00e1s\u00e1t brit gy\u00e1rtm\u00e1ny\u00fa high-end reed kapcsol\u00f3kkal \u00e9rz\u00e9keli, amelyekre a m\u00e1gneses mez\u0151 hat. Ad\u00f3 \u00fczemm\u00f3dban is m\u0171k\u00f6dhet, jelet k\u00fcldve a vezet\u00e9kes \u00e9rz\u00e9kel\u0151t\u0151l a hubhoz.<\/p>\n<p><img decoding=\"async\" loading=\"lazy\" class=\"aligncenter size-full wp-image-4379\" src=\"https:\/\/safeintel.hu\/wp-content\/uploads\/2023\/01\/door_10.jpg\" alt=\"\" width=\"993\" height=\"544\" srcset=\"https:\/\/safeintel.hu\/wp-content\/uploads\/2023\/01\/door_10.jpg 993w, https:\/\/safeintel.hu\/wp-content\/uploads\/2023\/01\/door_10-420x230.jpg 420w, https:\/\/safeintel.hu\/wp-content\/uploads\/2023\/01\/door_10-768x421.jpg 768w, https:\/\/safeintel.hu\/wp-content\/uploads\/2023\/01\/door_10-18x10.jpg 18w, https:\/\/safeintel.hu\/wp-content\/uploads\/2023\/01\/door_10-700x383.jpg 700w\" sizes=\"(max-width: 993px) 100vw, 993px\" \/><\/p>\n<p>&nbsp;<\/p>\n<h2>Jellemz\u0151k<\/h2>\n<p>Az eszk\u00f6z k\u00e9t modulb\u00f3l \u00e1ll \u2014 \u00e9rz\u00e9kel\u0151b\u0151l \u00e9s m\u00e1gnesb\u0151l. A k\u00e9szlet k\u00e9t m\u00e1gnessel rendelkezik: a nagy m\u00e1gnes ak\u00e1r 2 cm t\u00e1vols\u00e1gra, a kis m\u00e1gnes pedig ak\u00e1r 1 cm t\u00e1vols\u00e1gra szerelhet\u0151.<\/p>\n<p><img decoding=\"async\" loading=\"lazy\" class=\"aligncenter size-full wp-image-4380\" src=\"https:\/\/safeintel.hu\/wp-content\/uploads\/2023\/01\/door_11.jpg\" alt=\"\" width=\"993\" height=\"544\" srcset=\"https:\/\/safeintel.hu\/wp-content\/uploads\/2023\/01\/door_11.jpg 993w, https:\/\/safeintel.hu\/wp-content\/uploads\/2023\/01\/door_11-420x230.jpg 420w, https:\/\/safeintel.hu\/wp-content\/uploads\/2023\/01\/door_11-768x421.jpg 768w, https:\/\/safeintel.hu\/wp-content\/uploads\/2023\/01\/door_11-18x10.jpg 18w, https:\/\/safeintel.hu\/wp-content\/uploads\/2023\/01\/door_11-700x383.jpg 700w\" sizes=\"(max-width: 993px) 100vw, 993px\" \/><\/p>\n<p>&nbsp;<\/p>\n<h2>Vezet\u00e9k n\u00e9lk\u00fcli nyit\u00e1s\u00e9rz\u00e9kel\u0151 Ajax DoorProtect<\/h2>\n<p>Reed kapcsol\u00f3kat vagy nyit\u00e1s\u00e9rz\u00e9kel\u0151ket haszn\u00e1lnak az ajt\u00f3k \u00e9s ablakok nyit\u00e1s\u00e1nak \u00e9rz\u00e9kel\u00e9s\u00e9re a helyis\u00e9gek bet\u00f6r\u00e9s elleni v\u00e9delme \u00e9rdek\u00e9ben. Az ilyen \u00e9rz\u00e9kel\u0151k az ajt\u00f3k, ny\u00edl\u00e1sz\u00e1r\u00f3k, ablakok \u00e9s egy\u00e9b elemek nyit\u00e1s\u00e1t \u00e9rz\u00e9kelik. A reed kapcsol\u00f3 egy hermetikusan z\u00e1rt kapcsol\u00f3, amely ferrom\u00e1gneses rug\u00f3s \u00e9rintkez\u0151k alapj\u00e1n m\u0171k\u00f6dik. A reed kapcsol\u00f3 m\u0171k\u00f6d\u00e9si elve a k\u00f6vetkez\u0151:<br \/>\nK\u00e9t nikkel \u00e9s ac\u00e9llemez van elhelyezve egy hermetikusan z\u00e1rt \u00fcvegcs\u0151ben.<br \/>\nA cs\u0151ben m\u00e1gneses mez\u0151 j\u00f6n l\u00e9tre, amely a lemezek k\u00f6lcs\u00f6nhat\u00e1s\u00e1t \u00e9s az \u00e9rz\u00e9kel\u0151 m\u0171k\u00f6d\u00e9s\u00e9t okozza.<\/p>\n<p>&nbsp;<\/p>\n<p><img decoding=\"async\" loading=\"lazy\" class=\"aligncenter size-full wp-image-4381\" src=\"https:\/\/safeintel.hu\/wp-content\/uploads\/2023\/01\/door_12.jpg\" alt=\"\" width=\"993\" height=\"544\" srcset=\"https:\/\/safeintel.hu\/wp-content\/uploads\/2023\/01\/door_12.jpg 993w, https:\/\/safeintel.hu\/wp-content\/uploads\/2023\/01\/door_12-420x230.jpg 420w, https:\/\/safeintel.hu\/wp-content\/uploads\/2023\/01\/door_12-768x421.jpg 768w, https:\/\/safeintel.hu\/wp-content\/uploads\/2023\/01\/door_12-18x10.jpg 18w, https:\/\/safeintel.hu\/wp-content\/uploads\/2023\/01\/door_12-700x383.jpg 700w\" sizes=\"(max-width: 993px) 100vw, 993px\" \/><\/p>\n<p>&nbsp;<\/p>\n<h2>Telep\u00edt\u00e9s \u00e9s be\u00e1ll\u00edt\u00e1s<\/h2>\n<p>Azonnal haszn\u00e1latra k\u00e9sz a dobozb\u00f3l kiv\u00e9ve: az akkumul\u00e1tor m\u00e1r telep\u00edtve van, \u00edgy nincs sz\u00fcks\u00e9g az \u00e9rz\u00e9kel\u0151 sz\u00e9tszerel\u00e9s\u00e9re. Egyetlen kattint\u00e1ssal csatlakoztathat\u00f3 a k\u00f6zponthoz a mobilalkalmaz\u00e1sban. A SmartBracket-ra t\u00f6rt\u00e9n\u0151 felszerel\u00e9se mind\u00f6ssze n\u00e9h\u00e1ny percet vesz ig\u00e9nybe.<\/p>\n<p><img decoding=\"async\" loading=\"lazy\" class=\"aligncenter size-full wp-image-4382\" src=\"https:\/\/safeintel.hu\/wp-content\/uploads\/2023\/01\/door_13.jpg\" alt=\"\" width=\"993\" height=\"544\" srcset=\"https:\/\/safeintel.hu\/wp-content\/uploads\/2023\/01\/door_13.jpg 993w, https:\/\/safeintel.hu\/wp-content\/uploads\/2023\/01\/door_13-420x230.jpg 420w, https:\/\/safeintel.hu\/wp-content\/uploads\/2023\/01\/door_13-768x421.jpg 768w, https:\/\/safeintel.hu\/wp-content\/uploads\/2023\/01\/door_13-18x10.jpg 18w, https:\/\/safeintel.hu\/wp-content\/uploads\/2023\/01\/door_13-700x383.jpg 700w\" sizes=\"(max-width: 993px) 100vw, 993px\" \/><\/p>","protected":false},"excerpt":{"rendered":"<p>Vezet\u00e9k n\u00e9lk\u00fcli nyit\u00e1s\u00e9rz\u00e9kel\u0151, amely \u00e9rtes\u00edti a helyis\u00e9gbe t\u00f6rt\u00e9n\u0151 bet\u00f6r\u00e9s els\u0151 jeleit az ajt\u00f3 vagy ablak kinyit\u00e1sakor. Minden t\u00edpus\u00fa ajt\u00f3ra szerelhet\u0151, bele\u00e9rtve a f\u00e9m alap\u00fa ajt\u00f3kat is.<\/p>","protected":false},"featured_media":2590,"comment_status":"open","ping_status":"closed","template":"","meta":{"site-sidebar-layout":"default","site-content-layout":"default","ast-global-header-display":"","ast-main-header-display":"","ast-hfb-above-header-display":"","ast-hfb-below-header-display":"","ast-hfb-mobile-header-display":"","site-post-title":"","ast-breadcrumbs-content":"","ast-featured-img":"","footer-sml-layout":"","theme-transparent-header-meta":"default","adv-header-id-meta":"","stick-header-meta":"default","header-above-stick-meta":"","header-main-stick-meta":"","header-below-stick-meta":"","_themeisle_gutenberg_block_has_review":false},"product_cat":[95],"product_tag":[125,117,118,126],"_links":{"self":[{"href":"https:\/\/safeintel.hu\/hu\/wp-json\/wp\/v2\/product\/2505"}],"collection":[{"href":"https:\/\/safeintel.hu\/hu\/wp-json\/wp\/v2\/product"}],"about":[{"href":"https:\/\/safeintel.hu\/hu\/wp-json\/wp\/v2\/types\/product"}],"replies":[{"embeddable":true,"href":"https:\/\/safeintel.hu\/hu\/wp-json\/wp\/v2\/comments?post=2505"}],"wp:featuredmedia":[{"embeddable":true,"href":"https:\/\/safeintel.hu\/hu\/wp-json\/wp\/v2\/media\/2590"}],"wp:attachment":[{"href":"https:\/\/safeintel.hu\/hu\/wp-json\/wp\/v2\/media?parent=2505"}],"wp:term":[{"taxonomy":"product_cat","embeddable":true,"href":"https:\/\/safeintel.hu\/hu\/wp-json\/wp\/v2\/product_cat?post=2505"},{"taxonomy":"product_tag","embeddable":true,"href":"https:\/\/safeintel.hu\/hu\/wp-json\/wp\/v2\/product_tag?post=2505"}],"curies":[{"name":"wp","href":"https:\/\/api.w.org\/{rel}","templated":true}]}}

<ul>
<li>Akár 7 évig üzemelhet elemcsere nélkül</li>
<li>Külső érintkező áll rendelkezésre harmadik féltől származó érzékelők csatlakoztatásához</li>
<li>Különböző méretű mágneseket tartalmaz, amelyek keskeny keretekre és ajtókeretekre szerelhetők.</li>
</ul>
<h2>Működés elve</h2>
<p>Az eszköz az ajtók vagy ablakok kinyitását brit gyártmányú high-end reed kapcsolókkal érzékeli, amelyekre a mágneses mező hat. Adó üzemmódban is működhet, jelet küldve a vezetékes érzékelőtől a hubhoz.</p>
<p><img decoding="async" loading="lazy" class="aligncenter size-full wp-image-4379" src="https://safeintel.hu/wp-content/uploads/2023/01/door_10.jpg" alt="" width="993" height="544" srcset="https://safeintel.hu/wp-content/uploads/2023/01/door_10.jpg 993w, https://safeintel.hu/wp-content/uploads/2023/01/door_10-420x230.jpg 420w, https://safeintel.hu/wp-content/uploads/2023/01/door_10-768x421.jpg 768w, https://safeintel.hu/wp-content/uploads/2023/01/door_10-18x10.jpg 18w, https://safeintel.hu/wp-content/uploads/2023/01/door_10-700x383.jpg 700w" sizes="(max-width: 993px) 100vw, 993px" /></p>
<p>&nbsp;</p>
<h2>Jellemzők</h2>
<p>Az eszköz két modulból áll — érzékelőből és mágnesből. A készlet két mágnessel rendelkezik: a nagy mágnes akár 2 cm távolságra, a kis mágnes pedig akár 1 cm távolságra szerelhető.</p>
<p><img decoding="async" loading="lazy" class="aligncenter size-full wp-image-4380" src="https://safeintel.hu/wp-content/uploads/2023/01/door_11.jpg" alt="" width="993" height="544" srcset="https://safeintel.hu/wp-content/uploads/2023/01/door_11.jpg 993w, https://safeintel.hu/wp-content/uploads/2023/01/door_11-420x230.jpg 420w, https://safeintel.hu/wp-content/uploads/2023/01/door_11-768x421.jpg 768w, https://safeintel.hu/wp-content/uploads/2023/01/door_11-18x10.jpg 18w, https://safeintel.hu/wp-content/uploads/2023/01/door_11-700x383.jpg 700w" sizes="(max-width: 993px) 100vw, 993px" /></p>
<p>&nbsp;</p>
<h2>Vezeték nélküli nyitásérzékelő Ajax DoorProtect</h2>
<p>Reed kapcsolókat vagy nyitásérzékelőket használnak az ajtók és ablakok nyitásának érzékelésére a helyiségek betörés elleni védelme érdekében. Az ilyen érzékelők az ajtók, nyílászárók, ablakok és egyéb elemek nyitását érzékelik. A reed kapcsoló egy hermetikusan zárt kapcsoló, amely ferromágneses rugós érintkezők alapján működik. A reed kapcsoló működési elve a következő:<br />
Két nikkel és acéllemez van elhelyezve egy hermetikusan zárt üvegcsőben.<br />
A csőben mágneses mező jön létre, amely a lemezek kölcsönhatását és az érzékelő működését okozza.</p>
<p>&nbsp;</p>
<p><img decoding="async" loading="lazy" class="aligncenter size-full wp-image-4381" src="https://safeintel.hu/wp-content/uploads/2023/01/door_12.jpg" alt="" width="993" height="544" srcset="https://safeintel.hu/wp-content/uploads/2023/01/door_12.jpg 993w, https://safeintel.hu/wp-content/uploads/2023/01/door_12-420x230.jpg 420w, https://safeintel.hu/wp-content/uploads/2023/01/door_12-768x421.jpg 768w, https://safeintel.hu/wp-content/uploads/2023/01/door_12-18x10.jpg 18w, https://safeintel.hu/wp-content/uploads/2023/01/door_12-700x383.jpg 700w" sizes="(max-width: 993px) 100vw, 993px" /></p>
<p>&nbsp;</p>
<h2>Telepítés és beállítás</h2>
<p>Azonnal használatra kész a dobozból kivéve: az akkumulátor már telepítve van, így nincs szükség az érzékelő szétszerelésére. Egyetlen kattintással csatlakoztatható a központhoz a mobilalkalmazásban. A SmartBracket-ra történő felszerelése mindössze néhány percet vesz igénybe.</p>
<p><img decoding="async" loading="lazy" class="aligncenter size-full wp-image-4382" src="https://safeintel.hu/wp-content/uploads/2023/01/door_13.jpg" alt="" width="993" height="544" srcset="https://safeintel.hu/wp-content/uploads/2023/01/door_13.jpg 993w, https://safeintel.hu/wp-content/uploads/2023/01/door_13-420x230.jpg 420w, https://safeintel.hu/wp-content/uploads/2023/01/door_13-768x421.jpg 768w, https://safeintel.hu/wp-content/uploads/2023/01/door_13-18x10.jpg 18w, https://safeintel.hu/wp-content/uploads/2023/01/door_13-700x383.jpg 700w" sizes="(max-width: 993px) 100vw, 993px" /></p>

<p>Vezeték nélküli nyitásérzékelő, amely értesíti a helyiségbe történő betörés első jeleit az ajtó vagy ablak kinyitásakor. Minden típusú ajtóra szerelhető, beleértve a fém alapú ajtókat is.</p>
